n base 15, what is -d5 - e?
-e4
In base 9, what is -5 + -118?
-124
In base 3, what is -1112 - 0?
-1112
In base 3, what is 2002 - 211?
1021
In base 9, what is 2334 - -2?
2336
In base 13, what is -23b4 + 0?
-23b4
In base 16, what is 101 - -f?
110
In base 16, what is -b + -23?
-2e
In base 14, what is 2 + -44?
-42
In base 10, what is 2 + 905?
907
In base 12, what is -5 + -1792?
-1797
In base 3, what is 1 - -1101?
1102
In base 14, what is 1 - 249?
-248
In base 10, what is 8065 + 4?
8069
In base 2, what is -10 + 11101010?
11101000
In base 4, what is 0 + -2010?
-2010
In base 15, what is 4 - 14d?
-149
In base 11, what is -35 + 0?
-35
In base 2, what is -100001001010 - -11?
-100001000111
In base 11, what is -197 + -4?
-1a0
In base 2, what is 11 + -100111111101?
-100111111010
In base 11, what is 1 - -77a?
780
In base 11, what is 42 + -4?
39
In base 14, what is -1 + -7?
-8
In base 7, what is 33 - 2?
31
In base 7, what is -3 - -241?
235
In base 15, what is 296 - -3?
299
In base 9, what is 16 - -7?
24
In base 8, what is 25 + -60?
-33
In base 14, what is 1 + -6bb?
-6ba
In base 6, what is 11222 - -1?
11223
In base 7, what is -3 + 16546?
16543
In base 13, what is -16 - 788?
-7a1
In base 4, what is -133 - 231?
-1030
In base 6, what is 1 + 210?
211
In base 6, what is 4 + -301?
-253
In base 8, what is 5 - 1567?
-1562
In base 5, what is 2222 + -14?
2203
In base 12, what is -13 - 7?
-1a
In base 5, what is 1021143 - -4?
1021202
In base 2, what is -1100110100000 - 100?
-1100110100100
In base 11, what is 3 - 13a?
-137
In base 6, what is -4 - -234?
230
In base 14, what is -11a - -10?
-10a
In base 8, what is -1 - -41?
40
In base 8, what is 1 - 3112?
-3111
In base 12, what is 4 - -1431?
1435
In base 10, what is 5 + 1070?
1075
In base 9, what is 7 + -518?
-511
In base 10, what is -23 + -681?
-704
In base 4, what is 0 + 100?
100
In base 11, what is 20a + 3?
212
In base 10, what is 149 - -9?
158
In base 5, what is 10 + 344?
404
In base 16, what is 2615 - -3?
2618
In base 15, what is 3 - -38a?
38d
In base 9, what is 0 - 1726?
-1726
In base 4, what is 3 + -323?
-320
In base 9, what is 1 - -212?
213
In base 3, what is 21011010 - -11?
21011021
In base 15, what is -4 + -cc?
-d1
In base 9, what is -22 + -265?
-287
In base 10, what is 3 + 15?
18
In base 12, what is 0 + 3b1?
3b1
In base 14, what is 3 - 1557?
-1554
In base 3, what is 12 - -200011?
200100
In base 7, what is -2 - 35?
-40
In base 4, what is 1 - 111?
-110
In base 5, what is -1144 - 141?
-1340
In base 9, what is -226 + 4?
-222
In base 7, what is -4 - 206?
-213
In base 3, what is 2 + 100111?
100120
In base 2, what is 111010011 - 1?
111010010
In base 6, what is 422 - 0?
422
In base 3, what is -12221 + 12?
-12202
In base 12, what is -155 - -4?
-151
In base 8, what is 3 - 11?
-6
In base 10, what is 2 + -15?
-13
In base 16, what is -4 + 12e?
12a
In base 10, what is 5 - -404?
409
In base 8, what is 25 + 3?
30
In base 12, what is 39 + -4?
35
In base 4, what is -23 + 111?
22
In base 15, what is 9c + 0?
9c
In base 12, what is 3 + 2?
5
In base 13, what is -4 - -2b?
27
In base 12, what is 4 - -148?
150
In base 4, what is -22 - 3?
-31
In base 8, what is 2 - -155?
157
In base 6, what is -32 - 1155?
-1231
In base 13, what is a + -1ccc?
-1cc2
In base 15, what is -5 + 224d?
2248
In base 16, what is -2349 - 4?
-234d
In base 6, what is 11 + -15?
-4
In base 13, what is -67 - -2a?
-3a
In base 14, what is 4 - -3?
7
In base 7, what is -145 + -205?
-353
In base 6, what is -401 - 51?
-452
In base 14, what is -7d - -3?
-7a
In base 6, what is -1254 + 23?
-1231
In base 5, what is -4 - -31224?
31220
In base 16, what is 2 - 187?
-185
In base 2, what is -11001001 - -10?
-11000111
In base 15, what is -10 - -398?
388
In base 7, what is 5 - 34245?
-34240
In base 2, what is -1010101 + -100?
-1011001
In base 15, what is -3 + 46?
43
In base 16, what is 1 + -4ea?
-4e9
In base 12, what is 4 - -216?
21a
In base 7, what is -6 + 1455?
1446
In base 15, what is 4 - -26d?
272
In base 14, what is -1 - 54?
-55
In base 13, what is -2 + -15?
-17
In base 13, what is -41 - 3?
-44
In base 6, what is -1130 + 4?
-1122
In base 2, what is 100 - -1000110011011?
1000110011111
In base 15, what is 5 + -32?
-2c
In base 16, what is 41 - 5?
3c
In base 8, what is 7 + 5522?
5531
In base 6, what is -3 - -4101?
4054
In base 14, what is 4 + -3b?
-37
In base 11, what is -6 + -1?
-7
In base 16, what is -1 - -6d?
6c
In base 6, what is -10003 - 4?
-10011
In base 11, what is -2 + a5?
a3
In base 5, what is -2 - -10?
3
In base 14, what is 5 + -9?
-4
In base 10, what is 30335 + -5?
30330
In base 2, what is -10000000 + 101?
-1111011
In base 10, what is -89 + 1?
-88
In base 14, what is 0 - 494?
-494
In base 10, what is -1 - 2?
-3
In base 7, what is -25505 - -4?
-25501
In base 4, what is 1222 - 3?
1213
In base 14, what is -8624 - -4?
-8620
In base 10, what is 788 + -1?
787
In base 4, what is 313 + -23?
230
In base 8, what is -5 - 3307?
-3314
In base 10, what is -12 + 74?
62
In base 12, what is 5 + -486?
-481
In base 11, what is -336 - -5?
-331
In base 7, what is 1054 - 14?
1040
In base 12, what is 35 - -112?
147
In base 13, what is 3 + 27a?
280
In base 14, what is 167 - 1?
166
In base 6, what is -12 + 1115?
1103
In base 7, what is -3 + -3106?
-3112
In base 13, what is -35 - -4?
-31
In base 15, what is -1 - 1e9?
-1ea
In base 2, what is -101 + 10000000001100?
10000000000111
In base 2, what is -100011000 + -100111?
-100111111
In base 5, what is -20 - -110?
40
In base 16, what is 4 - a5?
-a1
In base 15, what is -1 - 72?
-73
In base 8, what is -1266 + -7?
-1275
In base 10, what is 126 + 6?
132
In base 15, what is -6 + a?
4
In base 13, what is -1527 + -1?
-1528
In base 12, what is -1 - -921?
920
In base 10, what is -69 - -34?
-35
In base 6, what is 31 + -4?
23
In base 9, what is 105 + -5?
100
In base 7, what is -51305 - 5?
-51313
In base 16, what is 5c + -2d?
2f
In base 11, what is -2086 - 5?
-2090
In base 10, what is -993 + 3?
-990
In base 12, what is -1 + -124?
-125
In base 3, what is 12112010 - -12?
12112022
In base 6, what is -33412 + 1?
-33411
In base 13, what is -45a + 1?
-459
In base 4, what is 332 - -113?
1111
In base 5, what is 1034 - -3?
1042
In base 13, what is 303 - 8?
2c8
In base 5, what is -2 - -1032?
1030
In base 2, what is 10 + 1110001?
1110011
In base 8, what is -2 - 343?
-345
In base 15, what is 4 - -30?
34
In base 6, what is 35 + 152?
231
In base 12, what is 0 + -1b1?
-1b1
In base 10, what is -31 - -1?
-30
In base 7, what is -400 + -4?
-404
In base 11, what is -140 - 1?
-141
In base 16, what is -7a - -3?
-77
In base 10, what is -4 + -36?
-40
In base 6, what is 3401 - 1?
3400
In base 6, what is -252 - 21?
-313
In base 12, what is 15934 - -5?
15939
In base 7, what is -256 - 2?
-261
In base 2, what is 10011 + 111011?
1001110
In base 14, what is 2 - 62?
-60
In base 5, what is 22 - -100?
122
In base 14, what is 3 + -13d1?
-13cc
In base 16, what is 1 - 35e?
-35d
In base 14, what is 118 - -b?
125
In base 10, what is 84 + -1?
83
In base 9, what is 372 - -18?
401
In base 11, what is 35 - -9?
43
In base 16, what is -15 + -83?
-98
In base 14, what is -69 + 4?
-65
In base 8, what is 30 + 403?
433
In base 12, what is -57 - 6?
-61
In base 13, what is -4 + -2aa?
-2b1
In base 13, what is 27 + -6c?
-45
In base 7, what is 14 - -333?
350
In base 9, what is -3 - 1134?
-1137
In base 14, what is 3 - 16a?
-167
In base 11, what is 23 - -4?
27
In base 14, what is 7 - 41?
-38
In base 9, what is -2 - 20?
-22
In base 12, what is -1 - -2a?
29
In base 7, what is -4 - 6614?
-6621
In base 16, what is 1f - -86?
a5
In base 4, what is -223 - -123?
-100
In base 15, what is 20 - -2a?
4a
In base 12, what is -14 + 181?
169
In base 14, what is 23 - 7?
1a
In base 9, what is -21 - 182?
-213
In base 14, what is -a - -59?
4d
In base 8, what is -22 + 452?
430
In base 10, what is 128 + -1?
127
In base 3, what is -1012 + 10?
-1002
In base 16, what is -9 + -1?
-a
In base 12, what is -50 - 15?
-65
In base 5, what is 32133 - -2?
32140
In base 12, what is -4 + -81?
-85
In base 10, what is 2 - 58?
-56
In base 7, what is -125611 - 0?
-125611
In base 7, what is 403 - 5?
365
In base 3, what is -2 + -10201?
-10210
In base 11, what is 238 - 3?
235
In base 6, what is -224423 - -1?
-224422
In base 9, what is -2 - 35?
-37
In base 8, what